*a + 170*a. Give b(-7).
-38
Suppose -75*v = -5*c - 79*v + 29, -v + 7 = c. Let g(z) = -11*z**2 - z - 1. What is g(c)?
-13
Let f(q) be the third derivative of -77*q**5/30 - q**4/12 + 2*q**2 + 23*q - 29. Give f(1).
-156
Let r(t) be the second derivative of t**5/20 + 17*t**4/12 + 13*t**3/6 + 7*t**2 - 5968*t. Calculate r(-16).
62
Suppose 4 = -2*d - i - 3, -1 = -d - 5*i. Let w be ((-6)/(-2))/((-6)/d). Let o(p) be the second derivative of -p**3/6 + p**2 + 1473*p. What is o(w)?
0
Let f(u) be the first derivative of 1/6*u**3 - 43*u + 24 + 7*u**2. Let n(r) be the first derivative of f(r). Determine n(-11).
3
Let k(b) = -10*b**3 - b**2 + b. Let p be 4/6 - (-447)/(-9). Let d(c) = -6*c + 8. Let g be d(-7). Let i = g + p. What is k(i)?
-10
Let c(m) be the second derivative of -2 - 9/2*m**2 - 1/2*m**3 - 70*m. Calculate c(-6).
9
Let x be ((-10)/(-40)*120)/(-2 - -1). Let r(o) = -3*o - 80. Give r(x).
10
Suppose 8 = -4*h - 5*g, 0 = -g + 13 - 17. Let l(s) = 2*s - 4. Let j(c) = c - 2. Suppose -2*i - 2*i + 20 = 0. Let n(w) = i*j(w) - 3*l(w). Calculate n(h).
-1
Let q(j) = -6 + 3521*j - 1762*j - 1757*j. Let w(t) = -3. Let v(m) = 3*q(m) - 4*w(m). What is v(4)?
18
Let g(y) = -16*y - 10*y + 44*y - 9*y - 16 - 8*y. Calculate g(10).
-6
Let x(c) = -3*c + 2. Let o = -7 - 15. Let b = 26 + o. Determine x(b).
-10
Let c(t) = -t**3 + 7*t**2 + 7*t + 2. Let b be ((-42)/(-9))/(6/(-81)). Let k = 71 + b. Determine c(k).
-6
Let y(h) = 4*h - 46. Suppose -36 - 38 = 5*k + 3*f, 5*k + 4*f + 77 = 0. Give y(k).
-98
Suppose -3*x - 693 = -14*x. Suppose 5*k - 2*o = -x, k + 3*k - 2*o = -52. Let h(u) = u**3 + 10*u**2 - 12*u - 16. What is h(k)?
-5
Let r(q) = -q - 204*q**2 + 66*q**2 + 62*q**2 + 61*q**2 - q**3 + 0*q**3 + 21. What is r(-15)?
36
Suppose -420 = 11*r - 1432. Let o = -90 + r. Suppose 7*k - 4*k + 2 = 5*w, 0 = -o*w - k + 3. Let c(p) = -15*p - 1. Determine c(w).
-16
Let k(a) = a**2. Suppose -33 = -6*u - 315. Let z = u + 52. Suppose 3*s - 2 = -z*n, -2*s = -4*n + 3*n - 10. Give k(s).
16
Let u(c) = c**2 + 8*c + 10. Let a be u(-8). Let g(h) = -2*h + 0*h + 91 - 171 + 90. What is g(a)?
-10
Suppose -52 = -2*o - 48. Let a(g) = -o*g**2 - 1 + 852*g**3 - 5*g**2 - 851*g**3 + 4*g + 3. Calculate a(6).
-10
Suppose 76 - 4 = 4*k. Let r(n) = n**2 - 21*n + 45. Let m be r(k). Let h(y) = y**2 + 8*y - 3. What is h(m)?
6
Let m(y) = 3*y**3 - 87*y**2 + y + 276. Let r(w) = -w**3 + 44*w**2 - w - 139. Let j(a) = 2*m(a) + 5*r(a). Determine j(-46).
-5
Let j be 1/8 - ((-555)/40 + 4 - -6). Let h(k) = 2*k**2 + 6*k - 1. Calculate h(j).
55
Let p be ((-6)/(-17))/(1646/13991). Let a(i) be the first derivative of 1 - 3/2*i**2 - 4/3*i**3 - p*i - 1/4*i**4. What is a(-2)?
-5
Let t(i) = -3*i + 7. Let a(g) = 10*g - 63. Let d(q) = -4*q + 31. Let n(k) = -6*a(k) - 11*d(k). Let b(j) = -2*n(j) + 11*t(j). What is b(-3)?
6
Let c(p) = -324*p**2 - 17*p - 12. Let b(q) = 130*q**2 + 7*q + 5. Let z(k) = 17*b(k) + 7*c(k). Determine z(1).
-57
Let q(r) = 20*r - 7. Let b(d) = 3*d + 4*d - 2 + 0*d. Let u(o) = 17*b(o) - 6*q(o). Let y be u(9). Let t(f) = 6*f**2 + 2*f + 1. Calculate t(y).
5
Suppose -15*h + 3*l + 317 = -13*h, -2*h + 4*l + 316 = 0. Let p(g) = 159 + g**2 + g - h - 2*g**2. What is p(2)?
-3
Let s(i) be the third derivative of -i**6/120 - 11*i**5/60 + 5*i**4/12 + 13*i**3/6 - 2867*i**2. Give s(-12).
37
Let c(u) = -3*u**2 - u - 3. Suppose 141*l = 24*l - 55*l + 516. What is c(l)?
-33
Let r be 16/(-24) - (-16)/6. Let p be (((-8)/6)/(-2))/(r/84). Let m(a) = 3*a - 24 + 0*a**3 - a**3 + p - 6*a**2 - 6*a. Determine m(-5).
-6
Let r be -6*(20/(-6) - -3). Suppose 2*h + 4*o - 4 = 0, -2*o + 10 = 2*h - 4*o. Let u = r - h. Let v(y) = -4*y + 1. Determine v(u).
9
Let u be (-5*(-40)/150)/(5/(-60)). Let p(x) = x**3 + 15*x**2 - 16*x + 35. Give p(u).
35
Let y(p) = -p**3 - 3*p**2 + p + 1. Let b be (246/(-164))/(3/(-4)). Suppose b*r - 916 = -922. What is y(r)?
-2
Let p(f) = f**3 - 4*f**2 + 5*f + 2. Suppose -238 = -0*u + u - w, 0 = 2*u + 5*w + 455. Let j = u + 239. Give p(j).
22
Let u(l) = l**2 + 7*l + 9. Let y be u(-6). Suppose -29 = 13*c - 1043. Let v(q) = 6 - c*q + 159*q - 82*q. Determine v(y).
3
Let s(z) = -2*z**3 - 3*z**2 - 11*z - 22. Let c(p) = p**3 + 4*p**2 + 16*p + 32. Let x(r) = 5*c(r) + 7*s(r). Calculate x(-2).
68
Let i(x) = 3*x**3 + 83*x**2 + 51*x - 75. Let o be i(-27). Let u(v) = -v**3 - v**2 + 40*v + 12. Determine u(o).
0
Suppose 2*k + 9*k = -101 + 112. Suppose -t - t = -4. Let h(s) = -k + 3 + 3*s - s + s**3 + 2*s**t. What is h(-2)?
-2
Let t be 531/(-12)*56/(-21). Let p = t + -118. Suppose -6*o - 13 + 7 = p. Let u(a) = 11*a**2 + 1. Give u(o).
12
Let i(h) = h**2 + 5*h + 6. Suppose w - 3 = -k, 6*k - 21 = -5*w + 7*k. Let j be (-5 + 1)*4/w. Determine i(j).
2
Suppose 0 = -45*o + 141 - 51. Let p(v) = 3*v**o + 1091*v**3 + 3 - 14*v**2 - 1089*v**3 - 6*v. Calculate p(6).
3
Let f(s) be the second derivative of s**5/20 - 5*s**4/6 - 11*s**3/6 + 7*s**2/2 - 1075*s. Determine f(11).
7
Suppose 3283*u - 3271*u = -69 + 261. Let b(z) = -4*z**3 + 16*z**2 - 5. Let j(s) = 3*s**3 - 16*s**2 + 4. Let a(v) = 2*b(v) + 3*j(v). What is a(u)?
2
Let b(i) = -2*i**3 - 19*i**2 + 8*i - 21. Let t(g) = 40*g**3 - 279*g**2 - 8*g - 3. Let u be t(7). Calculate b(u).
-1
Let i(g) = -11*g + 46. Let w be i(4). Let p(c) = -6620*c**2 + 1 + 5*c + 2 + 6619*c**w. Let a = 5 + 0. What is p(a)?
3
Suppose -12 - 24 = -18*p. Let s(k) = 2 - 74*k + 32*k - 6*k**p + 43*k. Calculate s(-1).
-5
Let f(b) = 125*b - 11*b + 12*b - 687 - 89 + 13. Give f(6).
-7
Let i(j) be the second derivative of j**5/60 - j**4/4 - 3*j**3/2 - 47*j**2 + 5*j + 3. Let x(y) be the first derivative of i(y). Determine x(7).
-2
Let v(h) be the first derivative of -h**4/4 + h**3 + 7*h**2/2 + 3*h - 1206. Calculate v(5).
-12
Suppose 3*x + 3*r + 15 = -2*x, -3*r - 15 = 3*x. Suppose q + 0*q = x. Let i(z) = -11 + 2 - z + 3*z + 14 - 3*z. Calculate i(q).
5
Let z(o) be the second derivative of -o**5/20 + 11*o**4/12 + 23*o**3/3 - 61*o**2/2 + 84*o + 13. Calculate z(14).
-5
Let b(r) = -3*r**3 + 2*r**2 + r. Suppose 0 = 7*w + 46 - 158. Suppose -11 = -w*s + 37. Suppose 3*u = s - 6. Determine b(u).
4
Suppose -143 = -4*k - 147. Let r be (-125)/(-15) + 2/3. Let p(y) = -y**2 + 3. Let g(a) = 5*a**2 - 13. Let j(m) = r*p(m) + 2*g(m). What is j(k)?
2
Let u(r) = -r**3 + 2*r - 2. Suppose 57*t + 3*a = 61*t - 32, 2*t + 4*a + 6 = 0. Suppose p = -5*i + 4, -20*p + 25*p = -t*i. Determine u(i).
-1
Let r(z) = 4*z**2 + 65*z - 59. Suppose 91*p = -1895 + 348. What is r(p)?
-8
Let q(h) be the third derivative of -1/2*h**3 - 1/12*h**4 + 0 + 0*h + 347*h**2. Let d = 0 + -3. Give q(d).
3
Let l be ((-18)/(-12))/(-3*(-1)/10). Let r(j) be the first derivative of 14*j**2 - l*j**2 + 8 - 5*j**2. Calculate r(1).
8
Let i = -31 - -29. Let h be 1*(i + (-7)/(-1)). Let d(y) = -1 - 6*y + h*y + 10. What is d(0)?
9
Let t(p) be the second derivative of 2*p**2 + 10*p + 0 + 0*p**4 + 1/120*p**6 - 4/3*p**3 - 1/60*p**5. Let w(d) be the first derivative of t(d). Determine w(0).
-8
Let r(k) = k**2 + 3*k - 12. Let b = 49 - 49. Suppose -41*v - 86 - 119 = b. Give r(v).
-2
Let s(g) be the third derivative of -g**4/24 + 22*g**3/3 - 7*g**2 + 8*g. Let h be s(36). Let k(i) = -i**3 + 10*i**2 - 8*i - 5. Calculate k(h).
59
Let z(b) = 0*b**3 + 5*b + 301 + b**3 - 5*b**2 - 298. Calculate z(6).
69
Let f(t) be the third derivative of t**4/8 + 4*t**3/3 - t**2. Let p(i) = -4*i - 9. Let w(k) = -7*f(k) - 6*p(k). Let q = -675124 - -675131. Calculate w(q).
19
Let h(t) = 0*t**2 + 0 + 5*t - 1 + t**2. Let x(p) = p**3 - 10*p**2 + 116*p - 971. Let j be x(9). Calculate h(j).
23
Let b(n) = -30 + 8*n**2 - n**2 - 6*n**2. What is b(-6)?
6
Let m(k) = -k**2 + 7*k + 11. Let c be (-258)/63 - 26/(-273). Let r be -13 + 10 + (10 - c/4). Calculate m(r).
3
Let r = -7 - -5. Let c = 319 + -216. Let x(a) = c*a + a**2 - 104*a - 2 - 2*a**2. Determine x(r).
-4
Suppose 0 = -5*u - 2*h + 53, -2*h - 9 = 3*u - 40. Let y(q) = 4*q**2 + 2. Let b(w) = -21*w**2 - w - 10. Let o(i) = u*y(i) + 2*b(i). Calculate o(2).
6
Let t(y) = y**3 + 15*y**2 - 20*y - 24. Let h be t(-16). Suppose 7*f = h - 5. Let v(d) = d - 1. Give v(f).
4
Let f be (-26)/117 - (-182)/9. Suppose 35 = 27*i - f*i. Let r(m) = -2*m**2 + 6*m + 3. Determine r(i).
-17
Let z(c) = -c**3 + 27*c**2 + c - 24. Let p be z(27). Suppose 3*r + 3*s + 2*s + 13 = 0, -p = 3*r + 3*s. Let g(l) = -2*l + 9. What is g(r)?
